+ 67. Let l be f(5). What is the greatest common divisor of 77 and l?
7
Let y = -4889 - -5768. Calculate the greatest common factor of y and 9.
3
Suppose 2*s = -n + 38, -4 + 85 = 5*s - n. Calculate the highest common divisor of s and 5882.
17
Suppose 10*u + 101*u = 999. Let o = 1 - -5. What is the highest common factor of u and o?
3
Suppose -4*r + 3*g + 14352 = 0, 4*r - 2*g = -g + 14360. Calculate the greatest common factor of r and 378.
189
Let g(l) = 14 - l**2 - 13*l - 9*l + 22*l + 51*l. Let z be g(7). What is the greatest common divisor of 23 and z?
23
Suppose -4*o - 5*w + 26827 = 0, 51*o + 2*w - 13416 = 49*o. What is the highest common factor of o and 49?
49
Let i = -2 - -6. Suppose 5*y - 567 = -i*y. What is the greatest common factor of y and 21?
21
Suppose 14*w - 1756 = 988. Suppose 85*y - w = 71*y. What is the greatest common factor of y and 406?
14
Let m = 141 + -136. Suppose m*g + 2*z - 62 = 0, 20 = -2*g - z + 44. What is the highest common divisor of 154 and g?
14
Suppose 0 = 4*x - 9*x + 2600. Suppose -8175*z + 8137*z + 2470 = 0. Calculate the greatest common divisor of z and x.
65
Suppose -20*v + 4 = -19*v. Let i(d) = 1 - 8*d**2 + 2 + v*d + 1 + 2*d**3. Let u be i(5). What is the highest common divisor of u and 111?
37
Let f(a) = a**3 - 14*a**2 + 12*a + 24. Let u be f(13). Suppose -u*k = -7 - 59. Suppose -j = -4*j + 144. What is the greatest common factor of k and j?
6
Let t(m) be the first derivative of 8*m**3/3 + 4*m - 12. Let f be t(-2). Let u = -12 + 24. Calculate the greatest common divisor of f and u.
12
Suppose -4*v + 37 = 1. Suppose 0 = 7*d - 385 + 63. Suppose 2*j - 2*u - d - 10 = 0, u = -1. Calculate the highest common factor of v and j.
9
Suppose v - 32 = -3*p, 0*p + v + 8 = p. Suppose -7*f - 2*f + 410 = -10*f + 2*f. Calculate the greatest common divisor of f and p.
10
Let l(a) = 127*a + 994. Let q be l(-7). What is the greatest common divisor of q and 1715?
35
Let k be ((-3)/((-18)/402))/(2/(-22)). Let f = -729 - k. What is the greatest common factor of f and 152?
8
Suppose -4*u + 8*u = 20. Suppose -2*v = -u*v - 6, d - v = 28. What is the greatest common divisor of d and 104?
26
Suppose -425 = -4*h - 3*g, 8*g - 530 = -5*h + 4*g. What is the greatest common factor of h and 27940?
110
Suppose -19*z + 9*z + 11*z = 45. Calculate the greatest common divisor of 7845 and z.
15
Let z(i) = -3630*i - 1955. Let f be z(-4). What is the highest common factor of 10 and f?
5
Suppose 0*d - 560 = -4*d. Suppose 2*m - 92 = -22. Calculate the highest common factor of d and m.
35
Suppose 3*i = -2*i - 3*m + 57, 4*i + m - 40 = 0. Let t be 11 - 5/(15/i). Calculate the highest common factor of 52 and t.
4
Let f be (-11457)/(-804) - ((-7)/4 + 4/2). Calculate the highest common factor of 302 and f.
2
Suppose 25 = 5*y - 60. Let h = y - -18. Suppose -3*z + 37 = -h. What is the greatest common factor of 60 and z?
12
Suppose 55 = z - 9. Let o = z + -50. Suppose -6*d + 377 = -967. Calculate the greatest common factor of d and o.
14
Suppose 0 = -204*r + 175392 + 164268. Calculate the greatest common divisor of r and 925.
185
Let l be 3329/8 - 9*(-7)/(-504). Suppose 2*t + 4*i - 60 = 0, 0*i - 122 = -5*t + 4*i. What is the greatest common factor of l and t?
26
Suppose 5*l + 144*l = 217838. What is the highest common divisor of 1204 and l?
86
Suppose -3*r + 3*l + 117 = 0, -6*r = -5*r + 5*l - 69. Suppose -c = -2*i + 3*c + r, 2*i + c = 54. What is the greatest common factor of 2 and i?
2
Suppose 5*q + 6*u - 140 = u, -3*u = 4*q - 112. Suppose 4024 = 24*n + 664. Suppose n*x - 149*x = -126. Calculate the greatest common divisor of x and q.
14
Let x be 440/32 + (15/(-4))/(-3). Let a(i) = i**3 - 15*i**2 + 6*i + 35. Let r be a(x). What is the greatest common divisor of r and 75?
25
Suppose 9 = -5*t + 104. Let h = -11 + t. Let v(o) = 105*o - 733. Let q be v(7). Calculate the highest common factor of q and h.
2
Suppose 0*d - 4*d = -76. Suppose -5*q - 80 + 555 = 0. Suppose 5*l - 3*z = q, z - 75 = -5*l + 20. What is the greatest common divisor of d and l?
19
Let m = -10355 + 20449. Calculate the greatest common divisor of m and 196.
98
Suppose 0 = -44795*x + 44802*x - 2352. Let k(l) = -l**2 + 22*l + 6. Let c be k(12). Calculate the highest common divisor of x and c.
42
Let r(y) = -y**3 + 8*y**2 + 2. Let z = -1 + 7. Let l be r(z). Let a = -2429 + 2466. Calculate the highest common divisor of a and l.
37
Let p(m) = m**2 - 4*m - 135. Let l be p(-24). Let i = l + -438. Calculate the greatest common divisor of i and 9.
9
Let o be (-28)/6*(2 - 14556/24). Suppose 15*f = 419 + o. What is the highest common divisor of 72 and f?
72
Let i = -21 + -2. Let y = -21 - i. Let l be 89 + y/2 + 0. Calculate the greatest common factor of l and 18.
18
Let m be (-996)/166 + ((-1)/(-5) - (-440645)/25). Calculate the greatest common factor of m and 20.
20
Let u = 29 - 5. Let k = 29 - 28. Let c be (4/8)/(k/u). What is the highest common divisor of c and 48?
12
Let z = -20353 + 20531. What is the greatest common divisor of 10 and z?
2
Suppose -7*l - 379 = -1198. Let v = -101 + l. Let k be -8 + v - (-1 - 4). What is the highest common factor of 78 and k?
13
Let v = -20 - 2. Let o be v/(-132) + 250/12. Let x be (70/4)/(-3 - o/(-6)). What is the greatest common divisor of 7 and x?
7
Suppose -2*j + 6 = -5*v - 47, 2*j = -2*v + 18. Let o be 20/j*(9 - 4/2). Let k(p) = p + 160. Let f be k(0). What is the greatest common factor of f and o?
10
Suppose -b = -13 + 8. Suppose 3*x - 137 = -b*i, -i + x + 29 = -0. Suppose -15*l - i = -19*l. Calculate the highest common divisor of l and 28.
7
Let f be -64*116/(-36) + (28/(-63))/2. What is the highest common divisor of f and 8446?
206
Suppose -2*v = b - 1175, -v = 4*v + 2*b - 2939. Suppose -1010*o + 1011*o = 4*u - 78, -u + 23 = -2*o. What is the highest common divisor of u and v?
19
Suppose -3*y + 9 = 7*a - 6*a, 2*a - 7 = 5*y. Suppose 0 = -3*i + 335 - 29. What is the highest common divisor of i and a?
6
Suppose 55*l + 17 = 57*l + z, -6 = 2*z. Calculate the greatest common factor of 2510 and l.
10
Let v = 4323 + -4207. What is the highest common divisor of v and 116?
116
Suppose 0 = -3*u + 151 - 43. Let r be ((-12)/(-28))/((-444)/(-259)) + (-335)/(-4). What is the highest common divisor of u and r?
12
Let c be 3/24 - (360945/(-120) + -6). What is the greatest common factor of 11 and c?
11
Let l be (-5512)/(-18) + 8/(-36). Let v be 31 - (-56)/4 - 33/(9/3). Calculate the greatest common factor of v and l.
34
Suppose -16*g = -3*c - 20*g + 878, -4*g = -c + 266. What is the highest common divisor of c and 221?
13
Let a(s) = -57*s - 2023. Let c be a(-36). Suppose -17*l - 348 = -21*l. What is the highest common divisor of l and c?
29
Let n be 6/15 - (3 - 743/5). Suppose -n = -8*x + 134. Let t be (292/10 + 2)*x/7. Calculate the highest common factor of 12 and t.
12
Let v(r) = -45*r**3 - r**2 + 4*r + 3. Let x be v(-2). Suppose 4*c = a - 31, -2*a - 1126*c = -1127*c - 76. Calculate the highest common divisor of a and x.
39
Let d(a) be the second derivative of 29*a**4/12 + 9*a**3/2 - 53*a**2/2 + 33*a - 1. Let u be d(2). What is the greatest common divisor of 195 and u?
39
Let g be (-5 + 4)*(2 - 1). Let k(m) = 207*m**2 - 3*m - 3. Let a be k(g). What is the greatest common divisor of 9 and a?
9
Suppose 4*f - 24 = 4*k - 8*k, 0 = -5*k. Let w(z) = z + 60. Let t be w(f). What is the highest common factor of 198 and t?
66
Let a be 12/((-1293)/(-8988) - 6/42). Calculate the highest common factor of 48 and a.
16
Let r(q) = 19*q**2 + 18*q - 16. Let a be r(4). What is the highest common divisor of a and 150?
30
Let l(h) = 10*h**2 + 4*h - 21. Let i be (3 - (-15 + 20))*6/(-4). Let f be l(i). What is the highest common factor of 45 and f?
9
Suppose 14*c + 34*c = 144. Suppose n - 151 = -4*v, -v - 4*n + 22 = c. Calculate the highest common divisor of 247 and v.
13
Let j be 108/(-3)*((-5)/(-2))/(9/(-6)). What is the greatest common factor of j and 1605?
15
Let v be ((-28)/(-6))/((-54)/(-12555)). What is the greatest common divisor of v and 310?
155
Suppose 0 = 15327*s - 15339*s + 48. What is the greatest common divisor of 1162 and s?
2
Let d be -2*1 - (-7 - -2). Suppose -10 - 158 = -8*g. Suppose -36 - 6 = -g*l. Calculate the highest common divisor of l and d.
1
Suppose 85*x - 73108 = 2079